{"id":7,"date":"2013-08-21T07:05:28","date_gmt":"2013-08-21T07:05:28","guid":{"rendered":"http:\/\/invotas.com\/?page_id=7"},"modified":"2020-06-10T10:30:10","modified_gmt":"2020-06-10T10:30:10","slug":"disclaimer","status":"publish","type":"page","link":"http:\/\/invotas.com\/?page_id=7","title":{"rendered":"Disclaimer"},"content":{"rendered":"<div class=\"brz-root__container brz-reset-all\">\n<section id=\"kqiypncsjvwjmtemtiuktzoueqrhxwiwooky\" class=\"brz-section brz-css-bgzeo\" data-uid=\"kqiypncsjvwjmtemtiuktzoueqrhxwiwooky\">\n<div class=\"brz-section__items\">\n<div class=\"brz-section__content brz-section--boxed\" data-custom-id=\"okbhibwsytsuwphxzuwsnpkdqxjhsvfealnu\">\n<div class=\"brz-bg brz-css-kjxml\">\n<div class=\"brz-bg-content\">\n<div class=\"brz-container__wrap brz-css-jjdxb\">\n<div class=\"brz-container brz-css-xwbjt\">\n<div class=\"brz-row__container brz-css-kmket\" data-custom-id=\"pppqyrpyxcmejvibfobjobbaariyulvyuzen\">\n<div class=\"brz-bg brz-flex-xs-wrap brz-row__bg brz-css-prbfg\">\n<div class=\"brz-bg-content\">\n<div class=\"brz-row brz-css-nrawa brz-css-dvpww\">\n<div class=\"brz-columns brz-css-wgnqy brz-css-rqunz\" data-custom-id=\"fdepjzeplskjzohdxbeigqwqfylfmtvjperz\">\n<div class=\"brz-bg brz-css-hsjzq\">\n<div class=\"brz-bg-content\">\n<div class=\"brz-wrapper brz-css-lvwxl\">\n<div class=\"brz-d-xs-flex brz-css-dmvfb\">\n<div class=\"brz-rich-text\" data-custom-id=\"zpqfgeydccgonlrwtrypsapxcncfvxfkvuyb\">\n<p class=\"brz-tp-paragraph\">Die auf dieser Webseite enthaltenen Inhalte wurden von INVOTAS AG, einer im Handelsregister registrierten Unternehmung mit Sitz in Zollikon (Schweiz) aufbereitet und zusammengestellt. Die Verwendung dieser Webseite bzw. von dessen Inhalten inklusive der Marke und Bezeichnung INVOTAS durch Dritte ist nur unter ausdr\u00fccklicher, schriftlicher Einwilligung von INVOTAS AG gestattet. Die Webseite wurde unabh\u00e4ngig von den Bed\u00fcrfnissen eines bestimmten Lesers oder Empf\u00e4ngers erstellt. Die publizierten Informationen und Inhalte auf dieser Webseite werden von INVOTAS AG ausschliesslich zum pers\u00f6nlichen Gebrauch und zu Informationszwecken bereitgestellt. Sie bilden pers\u00f6nliche Meinungs\u00e4usserungen und stellen keine rechtlich verbindliche Auskunft dar. Sie k\u00f6nnen jederzeit und ohne vorherige Ank\u00fcndigung ge\u00e4ndert werden und sind weder als Empfehlung, noch als Angebot oder Aufforderung zum Kauf oder Verkauf von Produkten zu verstehen. Dies gilt unabh\u00e4ngig vom Domizil des Lesers oder Empf\u00e4ngers.<\/p>\n<p class=\"brz-tp-paragraph\"><\/p>\n<p class=\"brz-tp-paragraph\">INVOTAS AG gibt keine Gew\u00e4hrleistung (weder ausdr\u00fccklich noch stillschweigend) f\u00fcr Richtigkeit, Vollst\u00e4ndigkeit und Aktualit\u00e4t der publizierten Informationen, Inhalte und Meinungs\u00e4usserungen ab.<\/p>\n<p class=\"brz-tp-paragraph\"><\/p>\n<p class=\"brz-tp-paragraph\">INVOTAS AG \u00fcbernimmt keinerlei Haftung f\u00fcr Verluste beziehungsweise Sch\u00e4den irgendwelcher Art, sei es f\u00fcr direkte, indirekte oder Folgesch\u00e4den, die sich aus dem Besuch ihrer Webseite sowie aus der Verwendung der darauf publizierten Inhalte ergeben sollten. Zudem lehnt INVOTAS AG jede Haftung f\u00fcr allf\u00e4llige Manipulationen am EDV-System des Internet-Benutzers durch Unbefugte ab.<\/p>\n<p class=\"brz-tp-paragraph\">Inhalte, Bilder und Marken auf dieser Webseite d\u00fcrfen ohne schriftliche Erlaubnis der INVOTAS AG gesamthaft oder teilweise unter anderem weder reproduziert oder kopiert noch weiter verteilt oder neu aufgelegt werden.<\/p>\n<p class=\"brz-tp-paragraph\"><\/p>\n<p class=\"brz-tp-paragraph\">Die Webseite der INVOTAS AG enth\u00e4lt Verkn\u00fcpfungen zu Webseiten Dritter. F\u00fcr die verlinkten Webseiten und deren Inhalte haftet ausschliesslich der jeweilige Betreiber. INVOTAS AG hat keinen Einfluss auf die aktuelle und zuk\u00fcnftige Gestaltung und auf die Inhalte der verkn\u00fcpften Seiten. Der Link bedeutet auch nicht, dass INVOTAS AG mit der Gestaltung und dem Inhalt der verlinkten Seiten in jedem Fall einverstanden ist. INVOTAS AG \u00fcberpr\u00fcft die verlinkten Webseiten periodisch, jedoch unregelm\u00e4ssig, auf deren grunds\u00e4tzliche Rechtm\u00e4ssigkeit und Aktualit\u00e4t. Es ist aber nicht m\u00f6glich, die verlinkten Webseiten st\u00e4ndig zu \u00fcberpr\u00fcfen. Sollte auf einer der verlinkten Webseiten trotzdem ein unrechtm\u00e4ssiger Inhalt erscheinen oder eine Information, die nicht dem neuesten Stand entspricht, \u00fcbernimmt die INVOTAS AG keinerlei Haftung daf\u00fcr. Hinweise auf die Fragw\u00fcrdigkeit von Inhalten auf den verlinkten Webseiten k\u00f6nnen gerne bei der INVOTAS AG mit Email an info@invotas.com angebracht werden. INVOTAS AG beh\u00e4lt sich vor, entsprechende Links nach eigenem Ermessen zu entfernen oder neue anzubringen.<\/p>\n<\/div>\n<\/div>\n<\/div>\n<\/div>\n<\/div>\n<\/div>\n<\/div>\n<\/div>\n<\/div>\n<\/div>\n<\/div>\n<\/div>\n<\/div>\n<\/div>\n<\/div>\n<\/div>\n<\/section>\n<div class=\"brz-root__container-after\"><\/div>\n<\/div>\n<p><!-- t:1591785010 --><\/p>\n","protected":false},"excerpt":{"rendered":"<p>Die auf dieser Webseite enthaltenen Inhalte wurden von INVOTAS AG, einer im Handelsregister registrierten Unternehmung mit Sitz in Zollikon (Schweiz) aufbereitet und zusammengestellt. Die Verwendung dieser Webseite bzw. von dessen Inhalten inklusive der Marke und Bezeichnung INVOTAS durch Dritte ist nur unter ausdr\u00fccklicher, schriftlicher Einwilligung von INVOTAS AG gestattet. Die Webseite wurde unabh\u00e4ngig von den&hellip;&nbsp;<a href=\"http:\/\/invotas.com\/?page_id=7\" class=\"\" rel=\"bookmark\">Weiterlesen &raquo;<span class=\"screen-reader-text\">Disclaimer<\/span><\/a><\/p>\n","protected":false},"author":1,"featured_media":0,"parent":0,"menu_order":0,"comment_status":"closed","ping_status":"closed","template":"page-templates\/template-pagebuilder-full-width.php","meta":{"neve_meta_sidebar":"","neve_meta_container":"","neve_meta_enable_content_width":"","neve_meta_content_width":0,"neve_meta_title_alignment":"","neve_meta_author_avatar":"","neve_post_elements_order":"","neve_meta_disable_header":"","neve_meta_disable_footer":"","neve_meta_disable_title":"","footnotes":""},"brizy_attachment_focal_point":"","_links":{"self":[{"href":"http:\/\/invotas.com\/index.php?rest_route=\/wp\/v2\/pages\/7"}],"collection":[{"href":"http:\/\/invotas.com\/index.php?rest_route=\/wp\/v2\/pages"}],"about":[{"href":"http:\/\/invotas.com\/index.php?rest_route=\/wp\/v2\/types\/page"}],"author":[{"embeddable":true,"href":"http:\/\/invotas.com\/index.php?rest_route=\/wp\/v2\/users\/1"}],"replies":[{"embeddable":true,"href":"http:\/\/invotas.com\/index.php?rest_route=%2Fwp%2Fv2%2Fcomments&post=7"}],"version-history":[{"count":11,"href":"http:\/\/invotas.com\/index.php?rest_route=\/wp\/v2\/pages\/7\/revisions"}],"predecessor-version":[{"id":1124,"href":"http:\/\/invotas.com\/index.php?rest_route=\/wp\/v2\/pages\/7\/revisions\/1124"}],"wp:attachment":[{"href":"http:\/\/invotas.com\/index.php?rest_route=%2Fwp%2Fv2%2Fmedia&parent=7"}],"curies":[{"name":"wp","href":"https:\/\/api.w.org\/{rel}","templated":true}]}}